{"id":8,"date":"2024-01-16T15:33:05","date_gmt":"2024-01-16T14:33:05","guid":{"rendered":"https:\/\/christian-koelbl.de\/?page_id=8"},"modified":"2024-01-18T15:40:59","modified_gmt":"2024-01-18T14:40:59","slug":"warenkorb","status":"publish","type":"page","link":"https:\/\/christian-koelbl.de\/?page_id=8","title":{"rendered":"Warenkorb"},"content":{"rendered":"\t\t<div data-elementor-type=\"wp-page\" data-elementor-id=\"8\" class=\"elementor elementor-8\" data-elementor-post-type=\"page\">\n\t\t\t\t<div class=\"elementor-element elementor-element-4ebea46 e-flex e-con-boxed e-con e-parent\" data-id=\"4ebea46\" data-element_type=\"container\">\n\t\t\t\t\t<div class=\"e-con-inner\">\n\t\t\t\t<div class=\"elementor-element elementor-element-8a600a6 e-cart-layout-two-column elementor-widget elementor-widget-woocommerce-cart\" data-id=\"8a600a6\" data-element_type=\"widget\" data-settings=\"{&quot;update_cart_automatically&quot;:&quot;yes&quot;}\" data-widget_type=\"woocommerce-cart.default\">\n\t\t\t\t<div class=\"elementor-widget-container\">\n\t\t\t\t\t<div class=\"woocommerce\"><div class=\"woocommerce-notices-wrapper\"><\/div><div class=\"wc-empty-cart-message\">\n\t<div class=\"cart-empty woocommerce-info\">\n\t\tDein Warenkorb ist gegenw\u00e4rtig leer.\t<\/div>\n<\/div>\t<p class=\"return-to-shop\">\n\t\t<a class=\"button wc-backward\" href=\"https:\/\/christian-koelbl.de\/?page_id=2667\">\n\t\t\tZur\u00fcck zum Shop\t\t<\/a>\n\t<\/p>\n<\/div>\t\t\t\t<\/div>\n\t\t\t\t<\/div>\n\t\t\t\t\t<\/div>\n\t\t\t\t<\/div>\n\t\t\t\t<\/div>\n\t\t","protected":false},"excerpt":{"rendered":"<p>Artikel entfernen Vorschaubild Produkt Preis Anzahl Zwischensumme &times; NEUWAGEN 2ML 6,00&nbsp;&euro; NEUWAGEN 2ML Menge 12,00&nbsp;&euro; Total Zwischensumme 12,00&nbsp;&euro; Versand Versandkostenpauschale: 3,70&nbsp;&euro; Versand nach Sch\u00f6nwalder Stra\u00dfe 44, 13585 Berlin. Adresse \u00e4ndern Land\/Region: Land\/Region ausw\u00e4hlen\u00a0\u2026Deutschland\u00d6sterreich Bundesland\/Landkreis: W\u00e4hle eine Option&hellip;Baden-W\u00fcrttembergBayernBerlinBrandenburgBremenHamburgHessenMecklenburg-VorpommernNiedersachsenNordrhein-WestfalenRheinland-PfalzSaarlandSachsenSachsen-AnhaltSchleswig-HolsteinTh\u00fcringen Stadt: Postleitzahl: aktualisieren Gesamtsumme 15,70&nbsp;&euro; Kein Mehrwertsteuerausweis, da Kleinunternehmer nach \u00a719 (1) UStG. Zur Kasse &mdash;&nbsp;oder&nbsp;&mdash;<\/p>\n","protected":false},"author":1,"featured_media":0,"parent":0,"menu_order":0,"comment_status":"closed","ping_status":"closed","template":"","meta":{"footnotes":""},"class_list":["post-8","page","type-page","status-publish","hentry"],"jetpack_sharing_enabled":true,"_links":{"self":[{"href":"https:\/\/christian-koelbl.de\/index.php?rest_route=\/wp\/v2\/pages\/8","targetHints":{"allow":["GET"]}}],"collection":[{"href":"https:\/\/christian-koelbl.de\/index.php?rest_route=\/wp\/v2\/pages"}],"about":[{"href":"https:\/\/christian-koelbl.de\/index.php?rest_route=\/wp\/v2\/types\/page"}],"author":[{"embeddable":true,"href":"https:\/\/christian-koelbl.de\/index.php?rest_route=\/wp\/v2\/users\/1"}],"replies":[{"embeddable":true,"href":"https:\/\/christian-koelbl.de\/index.php?rest_route=%2Fwp%2Fv2%2Fcomments&post=8"}],"version-history":[{"count":9,"href":"https:\/\/christian-koelbl.de\/index.php?rest_route=\/wp\/v2\/pages\/8\/revisions"}],"predecessor-version":[{"id":2883,"href":"https:\/\/christian-koelbl.de\/index.php?rest_route=\/wp\/v2\/pages\/8\/revisions\/2883"}],"wp:attachment":[{"href":"https:\/\/christian-koelbl.de\/index.php?rest_route=%2Fwp%2Fv2%2Fmedia&parent=8"}],"curies":[{"name":"wp","href":"https:\/\/api.w.org\/{rel}","templated":true}]}}